and 2?
2
Let l = 1 + 15. Let i = -1 + l. Suppose -6*s = -0*s - 270. Calculate the highest common factor of s and i.
15
Let c = 14 + 10. Calculate the highest common divisor of 36 and c.
12
Let u(c) = 5*c**2 - c**3 + 3 + 3*c**2 + 4 + 5*c + 5*c. Let t be u(9). Calculate the highest common divisor of 32 and t.
16
Let x be 2/4*122 + -3. Suppose -2*d + 3*r = -118, 0*r = -d + r + x. What is the highest common factor of 7 and d?
7
Let h = 0 - 0. Suppose h = 2*a + 4 - 16. Calculate the highest common factor of 18 and a.
6
Let m be (9/(-6) + 2)*-96. Let l = m - -113. Suppose 3*f + 5*d = l, -56 = -2*f + d + 2*d. Calculate the highest common divisor of f and 5.
5
Let j = 47 - 40. What is the greatest common divisor of j and 35?
7
Suppose -3*r = -4*r + 7. Suppose u = r - 3. What is the greatest common factor of 20 and u?
4
Let z = -30 - -158. Calculate the greatest common divisor of 16 and z.
16
Let t = 18 + 27. Calculate the greatest common factor of 18 and t.
9
Let z(f) = 9*f - 1. Let m be z(3). Calculate the highest common factor of m and 286.
26
Suppose -r - 4*r + 217 = -n, 5*r = 5*n + 205. Suppose -79*v + 55 = -74*v. What is the highest common divisor of r and v?
11
Let y be ((-12)/1)/2 - 1. Let t(k) = -k**3 - 7*k**2 - k + 7. Let h be t(y). What is the greatest common divisor of 126 and h?
14
Let t be (3 - 2)*-4*-1. Suppose 3*u - t*u = -1. Calculate the highest common factor of u and 7.
1
Let g = 6 + -4. Suppose -z - 1 - 10 = -r, -g*z = r - 2. Calculate the highest common divisor of 1 and r.
1
Let x be (-20)/((-1)/2 - 0). Let h be 20/(1 - 3 - -3). What is the greatest common divisor of x and h?
20
Let h be (-1)/((-12)/9 + 1). Calculate the greatest common factor of 12 and h.
3
Let d be 1/2 + 158/4. Let q be 48/10*(-80)/(-24). Calculate the greatest common factor of d and q.
8
Let w(n) = 4*n**3 + 5*n**2 - 6*n + 6. Let h be w(-5). Suppose -2202 = 3*z - 393. Let k = h - z. What is the greatest common divisor of k and 24?
24
Let x be (127 - -2)/3 - -1. Let y = -22 + x. What is the highest common divisor of y and 176?
22
Suppose 0 = -3*f - q + 3, -2*q = -4*q + 6. Suppose f + 17 = d. What is the highest common factor of 34 and d?
17
Let j = 34 + -9. What is the greatest common factor of j and 5?
5
Let b(v) = v**2 - 14*v - 10. Let o be b(19). Calculate the greatest common divisor of 34 and o.
17
Let t be (-5 - 1)*16/12. Let l = t - -10. Calculate the highest common divisor of l and 2.
2
Let c(w) = 8*w - 2 + 0*w**2 + 2*w**2 - 2. Let f be c(-6). Let g(q) = 2*q - 3. Let t be g(4). Calculate the highest common divisor of t and f.
5
Let k = 65 + -40. What is the highest common divisor of k and 250?
25
Let u = 62 - 42. Calculate the highest common divisor of u and 140.
20
Let s(y) = y**2 - 7*y + 2. Let a be s(9). Suppose -2*z + a = -30. Suppose 4*n + 3*i - z = 16, 0 = 2*n + 2*i - 22. What is the highest common factor of n and 56?
8
Let r(y) = 4*y**3 + 11*y**2 - 4 - 8*y + 4*y - 4*y. Let w be r(-8). Let g be w/(-18) + 2/3. What is the highest common divisor of g and 8?
8
Suppose 3*p = -q + 5, 1 + 4 = p + q. Let y = p + 14. Suppose -3*x - 26 + 131 = 0. Calculate the greatest common factor of x and y.
7
Let s = 31 - 29. What is the highest common factor of 1 and s?
1
Let l(t) = t**3 + 6*t**2 + t + 4. Let b be l(-6). Let f be b/5*20/(-2). Calculate the greatest common divisor of 28 and f.
4
Let l(v) = -35*v. Let f be l(-2). Let c = 30 - 8. Let p = -12 + c. What is the greatest common divisor of f and p?
10
Suppose 33 = -4*o + 9. Let m be (-13)/2 - 3/o. Let l(y) = -2*y + 2. Let f be l(m). Calculate the greatest common factor of 2 and f.
2
Let x = -124 + 148. Let c(w) = -w**3 + 7*w**2 + 2*w + 4. Let t be c(7). Let g be t*(4/2 - -10). What is the highest common factor of x and g?
24
Let o = 6 - -21. What is the highest common divisor of o and 18?
9
Suppose -20 = 4*c + c, -4*z + 5*c + 460 = 0. Let b(j) = -4*j - 6. Suppose -2*f - 20 = 3*f. Let x be b(f). What is the highest common divisor of x and z?
10
Let l(i) = -19*i - 61. Let m be l(-4). Let b = -2 + 12. Calculate the highest common factor of b and m.
5
Let g(b) = -5*b - 37. Let s be g(-9). Suppose 0*o + 628 = -4*o. Let v = -93 - o. What is the greatest common factor of s and v?
8
Suppose h + 292 = 5*i - h, -5*h - 220 = -4*i. What is the highest common factor of i and 90?
30
Suppose 0*w + w - h = 34, -5*h = 3*w - 70. Let v(r) = r**2 - 3*r + 3. Let d be v(3). Let l be (-1*4)/(d/(-9)). Calculate the greatest common divisor of w and l.
6
Suppose -7*w + 3*w - 23 = -m, 3*m = 5*w + 34. Let d be 2/(3*m/18). Let y(j) = 4*j**2 + 3*j. Let l be y(-2). Calculate the greatest common divisor of d and l.
2
Let l be 50/(-35)*1*-35. Calculate the greatest common factor of 20 and l.
10
Let p = -28 - -48. Calculate the greatest common divisor of 10 and p.
10
Suppose 0 = -3*u + 2*x + 11, 4*u - 8*u + 2*x = -16. Suppose 0 = -u*y + 24 + 176. What is the highest common factor of 10 and y?
10
Let g be (26 - 5)*(6 + -1). Calculate the greatest common factor of 70 and g.
35
Let n = 71 + -62. Calculate the greatest common divisor of 9 and n.
9
Suppose 2*u = 4*u - 26. What is the highest common divisor of 13 and u?
13
Let f(b) = 5*b**2 + 4*b + 3. Let g(k) = -k + 2. Let x be g(4). Let l be f(x). Calculate the highest common factor of l and 5.
5
Suppose 23*f - 24*f = -70. Let x be 2/(-10) + 72/10. What is the greatest common factor of x and f?
7
Let g(j) = -4*j - 16. Let f be g(-8). What is the greatest common divisor of f and 2?
2
Let f be (2688/18)/7 - 4/3. Calculate the highest common divisor of 110 and f.
10
Suppose 3*u - 8 = -u. Suppose 0*l = -4*l + g + 15, -g + 20 = 3*l. Calculate the highest common factor of l and u.
1
Let h be 6/18 - 1/3. Suppose 2*n + h*n - 16 = 0. What is the greatest common factor of 32 and n?
8
Suppose 3*u - 111 = -4*o, -u + 0*u = 3*o - 82. Calculate the highest common divisor of o and 3.
3
Let p(o) = o**2 - 6*o + 3. Let g be p(6). Let u be (4/3)/((-10)/(-15)). What is the greatest common divisor of u and g?
1
Let r(u) = 6*u**2 - 13*u + 5. Let f be r(9). Calculate the greatest common divisor of 34 and f.
34
Suppose -5*z - 2*q + 143 = 0, -z + q + 13 = -10. Calculate the highest common divisor of z and 54.
27
Suppose 0 = 23*z - 10*z - 286. Let n(f) = 22*f**3. Let l be n(1). Calculate the highest common divisor of l and z.
22
Let a(v) = -2*v - 7. Let u = -14 + 10. Let j be a(u). What is the greatest common divisor of j and 1?
1
Let m(y) = -y**3 + 12*y**2 - 8*y + 6. Let h be m(3). Let b be -14*((-6)/4 - -1). Calculate the greatest common divisor of b and h.
7
Let r = -46 + 62. What is the highest common divisor of r and 48?
16
Suppose -5*t = 1 + 4. Let v be -24*(-2 - t)*1. Calculate the highest common factor of v and 240.
24
Suppose 2*m - 9 = -3. Let q(r) = -2*r + 9. Let f be q(3). Suppose m*s + 2*w - 45 = 0, f*s + 31 = 4*w + 76. What is the highest common divisor of s and 15?
15
Let n = -4 - 2. Let l be 2/n - (-136)/12. Suppose -3*f + l = -5*t + f, 0 = 4*t - 5*f + 16. What is the greatest common factor of t and 4?
1
Let y be 11/1 + (-15)/(-15). What is the highest common divisor of 3 and y?
3
Let w(x) = 9*x + 2 - 5 - 15*x. Suppose 4*t = -5*c - 14, c - 5*t = 2*c + 7. Let s be w(c). What is the highest common factor of 63 and s?
9
Let h = -5 - -16. Let v = h + -4. Calculate the greatest common divisor of v and 1.
1
Let w(m) = -13*m + 15. Let g(n) = -3*n + 4. Let t(q) = 18*g(q) - 4*w(q). Let s be t(-9). What is the greatest common divisor of 6 and s?
6
Suppose -12*c = -3*c - 108. Calculate the highest common factor of c and 60.
12
Let q = -249 + 465. Calculate the greatest common divisor of q and 24.
24
Suppose 5*h - 153 = 132. Calculate the highest common factor of 38 and h.
19
Let c be 3 + 4*(-3)/(-12). What is the greatest common divisor of 8 and c?
4
Suppose x - 5*n - 4 = 5, -n = -1. Suppose q + 115 = 6*q. Let c = q + 89. Calculate the greatest common divisor of x and c.
14
Let h(q) = -q - 1 + 2 + 9. Let u be h(9). Suppose -u + 2 = 3*p + 4*d, 0 = 4*p + 2*d - 8. What is the highest common divisor of 1 and p?
1
Let x = -177 - -195. What is the greatest common factor of x and 6?
6
Let r(b) = 2*b**3 - 4*b**2. Let i be r(3). What is the greatest common factor of 45 and i?
9
Suppose 0*x + 1 = -x. Let h be x/(-1 - (-4)/6). L